Suppose 2867876 = -6966*q + 7010*q. Is q composite?
False
Let l(o) = o**3 + 12*o**2 + 5*o + 4. Let n be l(-8). Let y = -929 - n. Let q = 170 - y. Is q a composite number?
False
Let r = -22 - -36. Let q be ((-2)/(-1) + -3)/((-1)/r). Is (12/q)/(-3) - (-110709)/63 composite?
True
Suppose 2*c + 5*r = 892663, -7*c = -10*c - 13*r + 1338978. Is c prime?
False
Suppose 0 = -5*t - 20 - 120. Let p be 514/t*12*(0 + 7). Is (3/9)/(2/p*-1) prime?
True
Let r be 12 + -9 - (-1 - -1115). Let t = r + 4822. Is t a composite number?
True
Let r(t) = t**3 + 22*t**2 - 47*t + 35. Let v be r(-24). Let f(i) = 3*i**3 + 2*i**2 + 28*i - 8. Is f(v) prime?
False
Let x be (-17 + 18)*(-1 + 2). Let t be x*(-1 + 5 - 7). Is 0 - 2829/(t/1) composite?
True
Let b be 6420/(-75)*(-5)/2. Suppose 178 = -c - 2*f + 57, -5*c - 3*f = 619. Let o = b + c. Is o a composite number?
False
Let i = 43 + -24. Suppose -i*d + 9 = -22*d. Is (310 + d)/(-2 - -3) a composite number?
False
Suppose -1679912 = 13*m - 7807501. Is m a prime number?
True
Let m(a) = -2*a**3 + a**2 - 2*a - 41. Let c be m(-7). Is ((-632)/24)/((-4)/c) a prime number?
False
Let r(b) = 446*b + 63. Suppose 218 = 28*j - 202. Is r(j) a composite number?
True
Let g = 58089 - -323584. Is g composite?
False
Let m(s) = -2089*s - 6. Let v be m(2). Let c = 10207 + v. Is c a prime number?
False
Let j be -2 + 3 + -1 - (6 + 0). Let q = j + 5. Let g(t) = 822*t**2 + 5*t + 1. Is g(q) a prime number?
False
Let b = -2 + 17. Suppose 5*z - b - 22 = -3*w, -2*z + 5*w = 10. Suppose 5*g + z*x - 3160 = 0, -2*g + 3*x + 1711 - 452 = 0. Is g a prime number?
True
Let z = 560553 - 274556. Is z a composite number?
False
Suppose -5*c - 192 = 163. Let t = 83 + c. Is 28*(6915/t)/5 composite?
True
Is (16 - 14)*(128060/56 - (-2)/(-7)) a prime number?
False
Suppose -55*v - 30294 = -66*v. Suppose s - 5*w + 11700 = 4*s, -5*s + 3*w = -19534. Let u = s - v. Is u a composite number?
False
Let y(k) = 12*k**3 - 13*k**2 - k - 2. Let w(h) = -h**2 + h + 1. Let n(t) = 3*w(t) - y(t). Is n(-9) a composite number?
True
Let i = -352516 - -702239. Is i a prime number?
False
Let o(d) = 6289*d + 5. Let l = -1 + 2. Let g be o(l). Suppose -4*y - 4*a + g = -3*a, 0 = 3*y - a - 4724. Is y composite?
True
Let j be 2 - -1 - (-330)/11. Is (-6 - (-3509)/j)/((-1)/(-3)) prime?
False
Let l be 755/1 + -15 + 15. Suppose 2*y = 11001 + l. Let r = 11177 - y. Is r a prime number?
False
Suppose -4*c + 8808 = 4*o, 6*o + 6*c = 7*c + 13240. Is o a prime number?
False
Suppose 0 = 4*p + 2*z - 7206, 3*z - 4735 = -4*p + 2472. Let g = p - 1068. Is g composite?
False
Suppose 2071548 = 4*d - 2*o, -3*d + 10*o + 1553723 = 24*o. Is d composite?
True
Suppose -10*l = -388505 + 52915. Is l a composite number?
True
Suppose -2*q + 15 = -c, -4*q + 3*c + 30 - 1 = 0. Let i(o) = 7*o + 8. Let k be i(q). Is 1392/k - (-2)/8 prime?
False
Suppose 4*z - 2184 = 16436. Suppose -z = -4*l + 185. Suppose 4*q - l = 138. Is q prime?
True
Let g(v) = 5*v**2 - 30*v - 67. Let i be 2 - (-20)/15*-18. Is g(i) a prime number?
False
Let l(a) = 65682*a + 157. Is l(3) prime?
True
Let m(j) = -1585*j + 6397. Is m(-22) a prime number?
False
Suppose -15 = -3*f - 2*f, 0 = -k - f + 6. Suppose t - 2 = -k. Is (-3955)/10*(-1*3 - t) composite?
True
Suppose k = -0*k + 4*f - 3994, -5*f = 3*k + 12067. Let s = k - -8727. Is s a prime number?
False
Suppose 407567 = 4*f - 142185 - 108372. Is f a prime number?
True
Let i = 1113735 + -745046. Is i composite?
False
Let u(z) = 1862*z + 3753. Is u(7) prime?
True
Let a be (630/8)/(18/384). Suppose a = -h - 5*h. Let n = h - -474. Is n composite?
True
Suppose -i + 66 = 64. Is (1262/(-4))/(i/(-4)) composite?
False
Let x = 4149 + -8368. Let p be (104/36*6)/(-2)*(40 + 674). Let d = x - p. Is d a prime number?
False
Suppose 0 = -28*m + 23*m + 15. Suppose -m*t = 3*v - 5466, -2*t = -0*v + 3*v - 3649. Is t composite?
True
Suppose 4*g = 13*y + 630022, 2*g = 4*y + 141547 + 173459. Is g prime?
False
Suppose 0 = -x + 10*x. Is 1129*(-2 - x - -1)*-5 composite?
True
Let t(w) = -w**3 + 19*w**2 - 2*w + 50. Let j be t(19). Is (-224996)/(-52) - j/(-78) a prime number?
True
Suppose -4*u - 2620 = 2696. Let o = 2182 + u. Is o composite?
False
Let m(c) = 20704*c**2 + 159*c - 323. Is m(2) a composite number?
False
Let m be (-1 + 3)/8*36. Suppose -12*w + m*w - 45 = 0. Is 5/(w/(-3591)) - -1 composite?
True
Is 1614678/4 + ((-780)/24 - -32) a composite number?
True
Let w = -224862 + 330805. Is w composite?
False
Suppose 0 = -6*b + 2*b. Suppose b = -4*a + 34508 + 32768. Suppose 7*y = 5938 + a. Is y prime?
True
Let q(u) = -3*u**3 + 21*u**2 - 28*u - 10. Let y be q(-11). Suppose 23*o - y = 50599. Is o a composite number?
True
Let o be 4/(8/10)*(-107884)/(-10). Let h = o + -28641. Is h a prime number?
True
Suppose 7*i = 12 + 2. Suppose c + 4 = i, -6955 = -3*s - 4*c. Is s composite?
True
Let r = 5534 - -25347. Is r a prime number?
True
Suppose 355*w = -4*d + 357*w + 2950620, w = 3*d - 2212967. Is d a composite number?
False
Let l(n) = -2*n**3 - 8*n**2 - 1. Suppose 2*o - o = 4*m + 123, m + 30 = o. Let g = -38 - m. Is l(g) composite?
False
Suppose 4*b + 3*z = 5*b - 33185, 0 = 3*b + 3*z - 99603. Let q = 53050 - b. Is q a prime number?
True
Let z(w) = -269*w - 3. Let r be z(1). Suppose 0 = 11*n - 6*n - 2630. Let i = n + r. Is i composite?
True
Let l = 89 + -18. Suppose l*p - 3145 = 66*p. Is p prime?
False
Let s be 810/2 - 3/(-3). Suppose 4*b - 16 = 316. Suppose -85*i + b*i + s = 0. Is i a composite number?
True
Is (80/(-64))/(6/(-11125896)) a composite number?
True
Let c be (36 - 40) + (-3)/((-3)/8). Is (48/18 - 2)*17562/c composite?
False
Let p(s) = -8*s - 37. Let r be p(-5). Let z(l) = 2177*l + 5. Let a be z(r). Suppose 0 = 5*u - a - 4289. Is u prime?
False
Let r = 44687 - 29292. Is r composite?
True
Is (-91727)/(-4) - ((-855)/60)/(-19) prime?
False
Suppose 26*n = 31*n - 5*z - 460500, 3*n - z = 276282. Is n a composite number?
True
Suppose z - 20642 = -3*q, 7695 + 33666 = 2*z - 5*q. Is z a prime number?
True
Suppose -3*q + 68 = -91. Let y = 79 - q. Suppose -3*d + 5*n = -5*d + y, -d + 4*n + 39 = 0. Is d prime?
True
Suppose 24*u = 28*u. Is (38 - 4599)*((0 - u) + -1) prime?
True
Let c(v) be the first derivative of 9*v**2/2 + 11*v - 18. Let u(l) = -l**2 + 12*l - 3. Let w be u(11). Is c(w) a prime number?
True
Is (-642)/(-428)*1644476/6 prime?
True
Let n = -198 - -204. Suppose 21151 + 128291 = n*p. Is p prime?
True
Suppose d - 8 = 2*g, -5*d + 0 = -10. Is (-16)/(-28) + (131808/28 - g) a composite number?
True
Is 824165 + (5/(-20))/(1/(-8)) a prime number?
False
Let g be (1 + 0/6)/((-1)/(-3)). Suppose -4*f + o + 363 = 0, 4*f - 2*o = -g*o + 365. Is f a prime number?
False
Suppose 40 = -6*m + 16. Let y(d) = 3563*d**2 + 3*d - 1. Let r(w) = 3563*w**2 + 4*w - 1. Let x(c) = m*r(c) + 5*y(c). Is x(-1) a prime number?
False
Let x be (-3714)/12*-7*2. Suppose 45*z - 10 = 40*z. Suppose 1461 + x = z*f. Is f prime?
True
Suppose -52*a + 1032 = -55*a. Let i = a - -810. Is i a prime number?
False
Let k(u) = -10746*u + 3079. Is k(-17) prime?
False
Let z = 101255 - -7674. Is z composite?
False
Suppose -5 = -4*o + 3, -3*w + 764 = -5*o. Let q(p) = 11*p - 68. Let m be q(5). Is w + -1 + 9 + m composite?
True
Suppose -5051935 = 4*s - 39*s. Is s a prime number?
True
Suppose 0 = -25*r - r - 78. Is (-32278)/(-6) + (-4)/r composite?
False
Is (12/(-16))/((-6)/2172424) composite?
False
Let u = 33 + -37. Let i(c) = 7*c**2 + 33*c + 32. Let h(o) = -6*o**2 - 32*o - 31. Let d(l) = u*i(l) - 5*h(l). Is d(-21) a prime number?
False
Let q(w) = w**3 - w. Let d(b) = -6*b**2 + 14*b + 9. Let p(z) = -d(z) - 4*q(z). Let c be p(-6). Suppose 23*h = 26*h - c. Is h a prime number?
False
Let x be ((-6718)/6)/(3/(-9)). Let f(o) = -o**3 - 9*o**2 - 4*o - 24. Let q be f(-9). Is (-6 - x)*q/(-20) a composite number?
True
Suppose 4319082 - 1121522 = 40*h. Is h a composite number?
False
Suppose -4*n = -5*f - 194, -3*n + 0*n + 4*f = -146. Let c = -46 + n. Suppose 2*o + 0*a - 2118 = -5*a, c = o + 2*a - 1057. Is o a prime number?
True
Let g(m) = 3678*m - 404. Is g(9) a prime number?
False
Is (4 - (-2 + (-65322575)/35)) + (-10)/35 prime?
False
Let r(h) = 192*h - 218*h + 3*h**2 - 23 + 3*h**2. Is r(19) composite?
True
Let j(g) = -g**3 + 9*g**2 + 20*g. Let t be j(9). Let i = t + -95. Suppose -5*m = h - 80, m = -2*h + 48 + i